 + 4. What is f(0)?
4
Let m(h) = -3*h + 54. Determine m(19).
-3
Let b(i) = 8*i + 56. Calculate b(-9).
-16
Let j(f) = -f**2 + 13*f + 5. Calculate j(13).
5
Let n(w) = -w**3 - 6*w**2 + 2*w - 10. Give n(-6).
-22
Let w(l) = 4*l**2 + 8*l - 10. What is w(4)?
86
Let i(w) = w**2 - 4*w + 79. Determine i(0).
79
Let k(p) = 4*p + 113. Determine k(-11).
69
Let f(o) = -5*o - 13. Calculate f(-3).
2
Let r(u) = -u + 25. Determine r(22).
3
Let l(w) = -2*w**3 + 2*w**2 + 4*w - 3. What is l(3)?
-27
Let x(b) = 4*b**2 - 2*b - 4. What is x(3)?
26
Let n(g) = -g**3 + 11*g**2 - 17*g + 73. Give n(10).
3
Let p(d) = -d**2 - 9*d + 321. Calculate p(14).
-1
Let t(n) = n**2 + 73*n - 318. Calculate t(4).
-10
Let f(u) = 2*u**2 + 52*u + 242. What is f(-6)?
2
Let r(x) = x + 19. Give r(-14).
5
Let u(y) = -y**2 - 5*y - 11. Give u(-4).
-7
Let q(y) = 7*y - 76. What is q(8)?
-20
Let v(l) = -l**3 - 3*l**2 - 3*l - 5. What is v(-3)?
4
Let y(s) = s**2 + 28*s - 12. What is y(-28)?
-12
Let k(z) = -31*z - 128. Calculate k(-5).
27
Let l(o) = -2*o**3 - 21*o**2 + 11*o + 5. What is l(-11)?
5
Let m(o) = 2*o - 11. Calculate m(5).
-1
Let t(s) = s**3 + 23*s**2 + 39*s - 49. What is t(-21)?
14
Let o(v) = -v**2 - 14*v + 3. Calculate o(-13).
16
Let f(t) = -2*t**2 - 29*t - 69. Give f(-11).
8
Let h(c) = c - 4. Determine h(-11).
-15
Let a(z) = -z**3 - z**2 - 3*z - 40. Calculate a(0).
-40
Let v(p) = 23*p + 639. Give v(-28).
-5
Let a(r) = -8*r - 95. Calculate a(-11).
-7
Let u(d) = 33*d + 253. Determine u(-8).
-11
Let o(n) = -2*n**3 - 2*n + 1. Calculate o(-2).
21
Let p(s) = -s**2 - 60*s - 898. Calculate p(-30).
2
Let v(g) = g**3 - 21*g**2 + 20*g - 3. Calculate v(20).
-3
Let o(g) = -17*g**2 - g - 1. Determine o(-1).
-17
Let n(a) = a**2 - 5*a + 6. Give n(5).
6
Let t(a) = -9*a**2 + 2. What is t(2)?
-34
Let u(q) = -2*q**2 - 10*q - 1. What is u(-4)?
7
Let d(t) = -2*t**2 + 40*t - 39. Calculate d(19).
-1
Let c(z) = z**2 + 26*z + 23. What is c(-25)?
-2
Let y(f) = 3*f - 29. Determine y(12).
7
Let a(c) = c**2 + 3*c - 3. Calculate a(-3).
-3
Let b(w) = 9*w - 40. Give b(15).
95
Let f(l) = l**3 - 3*l**2 - 8*l + 4. Determine f(5).
14
Let i(g) = 23*g + 64. What is i(-3)?
-5
Let q(x) = x**3 - 5*x**2 + 18*x - 51. Calculate q(4).
5
Let b(z) = -24*z**3 - 2*z**2 + z. Calculate b(1).
-25
Let a(p) = p**3 - 7*p**2 - p + 12. What is a(4)?
-40
Let y(p) = -p**3 - 9*p**2 + 22*p + 5. Determine y(-11).
5
Let b(v) = -3*v - 41. What is b(-13)?
-2
Let q(n) = 4*n**2 - 25*n + 3. What is q(6)?
-3
Let r(q) = -q**3 + 23*q**2 - 21*q - 21. What is r(22)?
1
Let m(l) = -l**2 + l - 23. Calculate m(0).
-23
Let q(u) = -7*u - 29. Calculate q(-21).
118
Let n(k) = 2*k**3 + 4*k**2 + 9*k + 4. Determine n(-4).
-96
Let p(d) = -d**2 - 7*d + 17. What is p(-10)?
-13
Let b(h) = -h**2 - 7*h + 113. Determine b(-13).
35
Let x(t) = -t**2 - 8*t + 2. Calculate x(-10).
-18
Let f(d) = -26*d - 37. Determine f(0).
-37
Let w(t) = -t**3 + 8*t**2 + 10*t - 12. Determine w(9).
-3
Let p(q) = -2*q + 8. Determine p(18).
-28
Let y(p) = -2*p**2 - 14*p - 33. Calculate y(-3).
-9
Let a(h) = -h - 6. Calculate a(-17).
11
Let w(h) = h**3 + 35*h**2 + 149*h - 34. What is w(-30)?
-4
Let t(y) = -y**3 - 11*y**2 + 44*y + 35. Determine t(-14).
7
Let l(o) = -15*o + 78. Give l(6).
-12
Let x(l) = -l**3 - l**2 + 20*l + 28. Determine x(-5).
28
Let q(h) = 3*h - 22. Give q(7).
-1
Let w(k) = 12*k**2. What is w(1)?
12
Let l(h) = -h**2 + 9*h + 18. Determine l(-3).
-18
Let k(y) = y**3 - 18*y**2 - 40*y + 2. Determine k(20).
2
Let o(l) = -3*l + 8. Give o(0).
8
Let y(i) = i**3 - 6*i**2 - 14*i + 40. Give y(7).
-9
Let c(h) = h**2 - 4. Give c(4).
12
Let y(q) = 5*q + 121. Calculate y(-22).
11
Let a(c) = 79*c - 386. Calculate a(5).
9
Let m(j) = j**3 + 4*j**2 + 2. What is m(-4)?
2
Let h(w) = -13*w + 196. Determine h(14).
14
Let x(d) = d**3 + 8*d**2 + 4*d - 13. Calculate x(-7).
8
Let u(y) = -y**3 - 46*y**2 - 91*y - 128. Calculate u(-44).
4
Let c(h) = 5*h + 1. Determine c(3).
16
Let s(o) = -11*o + 6. Give s(3).
-27
Let p(v) = 2*v**3 - 13*v**2 - 9*v + 10. Determine p(7).
-4
Let k(o) = o**3 - 14*o**2 + 12*o - 6. Give k(13).
-19
Let t(n) = -n**2 + 10*n - 21. Determine t(6).
3
Let y(l) = -l**3 + 5*l**2 + 3*l + 4. Calculate y(-3).
67
Let j(d) = -d + 24. Calculate j(7).
17
Let c(t) = t**2 + 34*t + 74. What is c(-32)?
10
Let s(g) = 4*g**2 - g + 2. Calculate s(2).
16
Let g(q) = 2*q**3 - 5*q**2 + 4*q + 1. Determine g(3).
22
Let o(h) = -3*h**3 + 18*h**2 + 3*h - 28. Give o(6).
-10
Let i(h) = -6*h + 1. What is i(-3)?
19
Let k(g) = 13*g - 140. Calculate k(11).
3
Let d(z) = z**3 + z**2 - 3*z - 1. Calculate d(-3).
-10
Let q(y) = 3*y**3 - 40*y**2 - 28*y - 16. Calculate q(14).
-16
Let d(i) = 34*i**2 - 6. Calculate d(-2).
130
Let i(o) = o**3 + 6*o**2 - o + 6. Calculate i(-6).
12
Let z(a) = -a**2 + 10*a - 26. What is z(2)?
-10
Let a(y) = y**2 + 8*y - 3. What is a(-7)?
-10
Let u(r) = -r**3 - 15*r**2 - 13*r + 21. Give u(-14).
7
Let i(k) = -k**3 + 31*k**2 + 68*k - 65. Give i(33).
1
Let u(h) = -h**2 + 3*h + 3. Give u(-3).
-15
Let g(t) = -t**2 - 5*t - 6. Give g(-3).
0
Let q(l) = 4*l + 9. What is q(0)?
9
Let y(v) = v**3 + 4*v**2 + 8*v + 72. Calculate y(-5).
7
Let h(g) = g**3 + 21*g**2 + 14. Calculate h(-21).
14
Let g(v) = 4*v + 7. Give g(5).
27
Let k(q) = -q - 8. Determine k(-4).
-4
Let o(f) = -f**2 + 17*f + 22. Give o(18).
4
Let c(f) = 3*f + 25. Calculate c(-7).
4
Let x(k) = 2*k**2 + 5*k - 2. Determine x(3).
31
Let j(m) = 5*m + 101. Calculate j(-24).
-19
Let j(r) = 5*r**2 - 3*r. Give j(2).
14
Let h(v) = -5*v**2 - 19*v + 11. Determine h(-5).
-19
Let o(i) = i**3 + 10*i**2 + 13*i + 12. What is o(-8)?
36
Let t(z) = z**2 - 7*z + 2. Give t(6).
-4
Let o(r) = r**3 - 21*r**2 - 4. Determine o(21).
-4
Let g(k) = 2*k - 2. Give g(3).
4
Let s(c) = -52*c - 201. Determine s(-4).
7
Let t(a) = a**2 - 3*a - 3. Determine t(6).
15
Let n(o) = 16*o - 20. Determine n(1).
-4
Let f(y) = 3*y**2 - 6*y + 3. What is f(4)?
27
Let n(l) = l**3 - 7*l**2 + 8*l + 7. Determine n(4).
-9
Let y(j) = j**2 - 80. Give y(-9).
1
Let x(z) = -2*z - 24. Determine x(-15).
6
Let n(o) = -o - 3. Calculate n(4).
-7
Let j(m) = 2*m**2 + 9*m + 1. Determine j(-5).
6
Let i(u) = -60*u + 721. Determine i(12).
1
Let o(x) = x**2 + 8*x + 9. What is o(-4)?
-7
Let q(x) = -x**3 - 6*x**2 - 2*x - 8. What is q(-6)?
4
Let a(z) = 6*z**3 - z**2 - 11*z - 10. Give a(-1).
-6
Let q(m) = -m - 10. Determine q(-7).
-3
Let s(i) = 2*i**3 - 29*i**2 + 14*i - 9. Give s(14).
-9
Let y(a) = -7*a**2 + 11*a - 7. What is y(2)?
-13
Let u(q) = -q**2 + 3*q + 34. Calculate u(-5).
-6
Let j(p) = p**3 - 16*p**2 + 7*p + 12. Give j(15).
-108
Let g(u) = u - 7. Determine g(-8).
-15
Let u(g) = -g + 23. Give u(16).
7
Let o(q) = -q + 8. Give o(-9).
17
Let z(v) = -v**2 - 18*v - 76. What is z(-12)?
-4
Let h(o) = 20*o + 12. Determine h(4).
92
Let d(l) = -l**2 + 18*l - 13. Give d(15).
32
Let a(z) = z**3 - 28*z**2 + 28*z - 46. What is a(27)?
-19
Let h(y) = -8*y**2 + 15*y - 2. Give h(4).
-70
Let y(j) = -j**2 - 22. What is y(0)?
-22
Let z(n) = -2*n**2 - n + 1. Give z(0).
1
Let t(a) = -a**2 + 6*a - 27. Give t(4).
-19
Let y(u) = u**2 + 3*u - 2. Calculate y(3).
16
Let k(r) = -36*r**2 + 1. Determine k(-1).
-35
Let w(n) = -n**2 + 9*n + 21. Give w(10).
11
Let z(i) = -i**2 + 4*i - 9. Determine z(6).
-21
Let y(t) = -t**3 - t**2 - 70. Give y(0).
-70
Let k(y) = 5*y + 2. Calculate k(4).
22
Let k(o) = -4*o + 2. Calculate k(-6).
26
Let w(x) = -6*x - 21. Give w(-4).
3
Let n(q) = 2*q**2 - 9*q - 5. Give n(5).
0
Let s(a) = 60*a**3 + a**2 + a. What is s(-1)?
-60
Let b(u) = u**2 - 12*u - 5. Give b(12).
-5
Let u(l) = l**2 - 23*l + 6. Give u(23).
6
Let g(y) = y**3 + 5*y**2 + 8*y + 7. Give g(-5).
-33
Let t(s) = s**3 - s**2 + 3*s + 4. Calculate t(3).
31
Let p(a) = -a + 6. Determine p(-4).
10
Let d(v) = 4*v**2 + 1. Give d(3).
37
Let p(a) = 3*a**2 + 10*a + 7. Calculate p(-3).
4
Let j(o) = o**3 + 37*o**2 + 32*o - 143. Give j(-36).
1
Let a(z) = 4*z - 5. What is a(4)?
11
Let k(y) = -y**3 + 6*y**2 - 3*y - 6. What is k(5)?
4
Let g(i) = 8*i - 17. Calculate g(3).
7
Let z(i) = -3*i**3 + 4*i**2 + i - 3. Calculate z(-3).
111
Let g(k) = k - 8. Calculate g(3).
-5
Let v(b) = -b**3 - b**2 - 3. What is v(-3)?
15
Let y(z) = z**3 - 5*z**2 - 2*z - 2. Give y(6).
22
Let m(v) = v**3 + 14*v**2 - 13*v + 36. Determine m(-15).
6
Let j(g) = g**3 - 6*g**2 + 15*g - 6. Calculate j(3).
12
Let i(r) = -